01
In base 9, what is 105 - 416127?
-416022
In base 13, what is -1919312 + 1?
-1919311
In base 2, what is 100 + 11000110000011101110100010?
11000110000011101110100110
In base 11, what is -70101922 + -3?
-70101925
In base 9, what is 3 - 714635?
-714632
In base 14, what is -59ac3 - -46?
-59a7b
In base 5, what is -2 + -443403421?
-443403423
In base 11, what is -2443 - 573?
-2a06
In base 14, what is -15272 - -12?
-15260
In base 10, what is 169 - 6782?
-6613
In base 7, what is 14030611 - 41?
14030540
In base 9, what is 100173 - -1140?
101323
In base 8, what is 252 + -276621?
-276347
In base 6, what is 20251345 - -24?
20251413
In base 16, what is defb0b + 2?
defb0d
In base 4, what is 11 + 11001101023?
11001101100
In base 14, what is 0 + -4699c55?
-4699c55
In base 5, what is -222044 + -3012130?
-3234224
In base 2, what is 10100101 + -1110100010100001101?
-1110100010001101000
In base 2, what is 101110010000110001 - -110000?
101110010001100001
In base 4, what is -11 + -132220331333?
-132220332010
In base 2, what is -1001 - 10101001010111011001101?
-10101001010111011010110
In base 4, what is 21302311 + -13013?
21223232
In base 7, what is -1030033031 - -1?
-1030033030
In base 3, what is -10001021 - -120121202?
110120111
In base 4, what is 1033311022 + 1203?
1033312231
In base 4, what is 311003 + -3220322?
-2303313
In base 4, what is -1022 + 2123331?
2122303
In base 2, what is -1110101111011001100 - -10010?
-1110101111010111010
In base 3, what is -11 - 1020112120000?
-1020112120011
In base 15, what is 228e393 + 5?
228e398
In base 5, what is 1323 - -3344331?
3401204
In base 15, what is 1961d + 5?
19623
In base 9, what is -222125 + 347?
-221667
In base 2, what is 1000010 - 11100000000000011000?
-11011111111111010110
In base 3, what is 11 - -221211100021?
221211100102
In base 6, what is -3105 + 2413534?
2410425
In base 5, what is -10103213 + -34034?
-10142302
In base 5, what is 230140003 - 314?
230134134
In base 16, what is -37a8168 + -1?
-37a8169
In base 14, what is -1b6 - -54d?
377
In base 3, what is -2212202 - -1210110?
-1002022
In base 15, what is -3 + 708ba?
708b7
In base 5, what is -1 - 1111000143103?
-1111000143104
In base 16, what is -1633 + -35a?
-198d
In base 5, what is -1104 - 12121224?
-12122333
In base 9, what is 68 + 82144?
82223
In base 13, what is -28b - 51b6c?
-5212a
In base 2, what is -10010100 + 111101011101010100010?
111101011101000001110
In base 15, what is -b7c + -793?
-1420
In base 4, what is -11303000211321 + 11?
-11303000211310
In base 10, what is 197007 - 20?
196987
In base 4, what is 1011131033 - 11011?
1011120022
In base 12, what is -927 + 27788?
26a61
In base 4, what is -1120033200 + 23?
-1120033111
In base 7, what is -364153 - -1211?
-362642
In base 2, what is 1000011101000001000 + -1101000101?
1000011011011000011
In base 14, what is a1a191 - 0?
a1a191
In base 13, what is 6ab8 - -37869?
41654
In base 7, what is 35556 + -522?
35034
In base 7, what is 3314046 + 2423?
3316502
In base 3, what is 122022110 + -1020020?
121002020
In base 16, what is -1 + 44ba54?
44ba53
In base 10, what is -1192 - -11802?
10610
In base 9, what is -241666 + 676?
-240880
In base 5, what is 3112444 - 40?
3112404
In base 15, what is 28ab7e0 + b?
28ab7eb
In base 16, what is 4 + -4abcda?
-4abcd6
In base 11, what is 3aa + 1344?
1743
In base 14, what is 5b - -28018?
28075
In base 5, what is 12 + 41121404211?
41121404223
In base 15, what is 42 - -946a3?
946e5
In base 11, what is 77790 + -1a1?
7759a
In base 2, what is 11100000 + 11001000101111101000?
11001000110011001000
In base 4, what is 320031 - -1301330?
2222021
In base 14, what is -1976a43 + 4?
-1976a3d
In base 13, what is -4 - -39b6c85b?
39b6c857
In base 7, what is -4 - -105120414?
105120410
In base 7, what is -25006564 - 23?
-25006620
In base 3, what is 111000121202202 - 10?
111000121202122
In base 8, what is 132 - 1215756?
-1215624
In base 8, what is -57217221 + -44?
-57217265
In base 12, what is 68 + -2a7472?
-2a7406
In base 5, what is 1221003233231 + -3?
1221003233223
In base 6, what is -33155 - -1533?
-31222
In base 2, what is 111011110010 + 1001001101010?
10000101011100
In base 10, what is -2 - -1971273?
1971271
In base 6, what is -414515534 - 3?
-414515541
In base 6, what is -30114543440 - -3?
-30114543433
In base 13, what is 695a124 + -23?
695a101
In base 14, what is 25451d55 + -5?
25451d50
In base 12, what is -a2360a + 6?
-a23604
In base 2, what is 1 - -10111101010111001001011?
10111101010111001001100
In base 8, what is 257741305 + -5?
257741300
In base 14, what is 148 - -53ad6?
53c40
In base 15, what is -e294305 - -1?
-e294304
In base 5, what is -3003 - 212130?
-220133
In base 12, what is b90b2 + 135?
b9227
In base 14, what is -196db27 - 1?
-196db28
In base 13, what is 19b5 + 52b?
2213
In base 6, what is 10502302054 - 3?
10502302051
In base 4, what is 10203203000 - 1202?
10203201132
In base 10, what is 2131 - -15553?
17684
In base 5, what is -113002213 + 222?
-113001441
In base 7, what is 200335 + -10042?
160263
In base 6, what is -4 - 203145344?
-203145352
In base 11, what is -1119 - -54?
-1075
In base 10, what is 31403 + -1095?
30308
In base 6, what is -5400 - -5115?
-241
In base 10, what is 33278694 - -1?
33278695
In base 13, what is 871c - -12ca4?
1b6c3
In base 15, what is -5 - -33da0c9?
33da0c4
In base 13, what is a + 63ac871?
63ac87b
In base 6, what is 52545 + -41032?
11513
In base 4, what is 2323013122113 + 13?
2323013122132
In base 3, what is -102200110110120 + 1?
-102200110110112
In base 16, what is -177caa + -16?
-177cc0
In base 13, what is -12 + -1ab9cc?
-1aba11
In base 15, what is -4cc677 - 2?
-4cc679
In base 12, what is -3 - 13a36197?
-13a3619a
In base 11, what is 131 - 903453?
-903322
In base 10, what is -102 + -152145?
-152247
In base 8, what is 5 - -15076147?
15076154
In base 15, what is 5 + -3acbbb6?
-3acbbb1
In base 15, what is -21b9 + 2b16?
94c
In base 6, what is 4 + 13143024351?
13143024355
In base 6, what is -201 + 2410524?
2410323
In base 3, what is -200201111012012 - -21?
-200201111011221
In base 14, what is -8081c9 + 0?
-8081c9
In base 16, what is -1 - 106168d?
-106168e
In base 13, what is -268c - -765a?
4c9b
In base 14, what is 101424d + c?
101425b
In base 4, what is 21 + 222323031?
222323112
In base 12, what is -12 - -143aa944?
143aa932
In base 9, what is 81515 - 7570?
72835
In base 2, what is 10110000011100100000111101101 - 101?
10110000011100100000111101000
In base 11, what is a65 + 3a8374?
3a9329
In base 15, what is 1870cae + 2?
1870cb1
In base 15, what is c - -1048c?
10499
In base 3, what is 0 + -1112021000020210?
-1112021000020210
In base 12, what is 738 - 1a833?
-1a0b7
In base 14, what is 1806 - b452?
-9a4a
In base 5, what is 31324 + 1114232?
1201111
In base 5, what is 223400 + 441213?
1220113
In base 11, what is 1 - 137391174?
-137391173
In base 16, what is -7d + -12c06?
-12c83
In base 6, what is -12 - 1225224335?
-1225224351
In base 11, what is -8a776a1 - 4?
-8a776a5
In base 11, what is 301752 + -6?
301747
In base 4, what is -31102 + 132103?
101001
In base 2, what is 100101001000011010001 - 110110?
100101001000010011011
In base 15, what is 438c5e5 + -9?
438c5db
In base 12, what is -29597067b - -4?
-295970677
In base 16, what is -5 + 86c4eb?
86c4e6
In base 9, what is -10 + 116370?
116360
In base 16, what is -3c7c8e3 - -5?
-3c7c8de
In base 12, what is -81b7a + -24?
-81ba2
In base 14, what is -185621 - 4?
-185625
In base 16, what is 5083f14 - -1?
5083f15
In base 8, what is -12361644 - -5?
-12361637
In base 14, what is -1300 - 1a2?
-14a2
In base 13, what is -5c9a1 - 103?
-5caa4
In base 10, what is -5529 - 108?
-5637
In base 2, what is -11 - 100101100010110010000110000?
-100101100010110010000110011
In base 2, what is 100010100110011000 - -11001?
100010100110110001
In base 15, what is bb19b6 - -4?
bb19ba
In base 2, what is -10111010110011110010101 - -100?
-10111010110011110010001
In base 14, what is -61279bc - 10?
-61279cc
In base 10, what is 2694438 + -12?
2694426
In base 14, what is 2dd35 - 5?
2dd30
In base 11, what is -1 - 5999307?
-5999308
In base 14, what is -281d5 - -74?
-28161
In base 3, what is 1200 - 2000100022222?
-2000100021022
In base 2, what is -1111110 + -10001110101111010?
-10001110111111000
In base 10, what is -1289 + 89037?
87748
In base 11, what i